he prime factors of 70552100?
2, 5, 705521
List the prime factors of 57123861.
3, 19, 1002173
What are the prime factors of 1579922183?
7, 17, 13276657
List the prime factors of 26842402.
2, 19, 71, 9949
List the prime factors of 360271053.
3, 40030117
List the prime factors of 4908066.
2, 3, 818011
What are the prime factors of 1948337851?
179, 10884569
List the prime factors of 40064191.
67, 433, 1381
List the prime factors of 31020307.
23, 907, 1487
List the prime factors of 555725352.
2, 3, 7, 13, 53, 4801
List the prime factors of 527910898.
2, 1091, 241939
What are the prime factors of 6278175941?
149, 1129, 37321
What are the prime factors of 23340952?
2, 23, 47, 2699
What are the prime factors of 4722430835?
5, 944486167
List the prime factors of 84060136.
2, 443, 23719
List the prime factors of 220914476.
2, 47, 1175077
List the prime factors of 397301840.
2, 5, 13, 382021
List the prime factors of 1071149143.
1071149143
What are the prime factors of 769183974?
2, 3, 13, 79, 41609
List the prime factors of 18390406.
2, 37, 257, 967
What are the prime factors of 593459339?
11, 6553, 8233
What are the prime factors of 32211429?
3, 43, 5807
What are the prime factors of 34868288?
2, 7, 13, 5987
What are the prime factors of 428860621?
7, 61265803
What are the prime factors of 103591434?
2, 3, 17265239
List the prime factors of 4753278035.
5, 11, 659, 131143
What are the prime factors of 705538667?
47, 277, 54193
What are the prime factors of 352315432?
2, 7, 29, 59, 3677
List the prime factors of 295985968.
2, 83, 107, 2083
List the prime factors of 11016626.
2, 269, 20477
What are the prime factors of 1003879595?
5, 200775919
What are the prime factors of 2963140?
2, 5, 148157
List the prime factors of 165477314.
2, 149, 555293
What are the prime factors of 533884689?
3, 13, 43, 907
What are the prime factors of 504246830?
2, 5, 50424683
What are the prime factors of 8043251522?
2, 4021625761
What are the prime factors of 18421116?
2, 3, 7, 37, 5927
What are the prime factors of 27216497?
7, 11, 37, 41, 233
List the prime factors of 5921120493.
3, 41, 594311
List the prime factors of 127298103.
3, 43, 53, 433
What are the prime factors of 4002744823?
7, 11, 4073, 12763
What are the prime factors of 42879367?
1783, 24049
List the prime factors of 452850283.
29, 71, 219937
What are the prime factors of 82296299?
233, 353203
List the prime factors of 1238279146.
2, 13, 47626121
What are the prime factors of 701151066?
2, 3, 7, 11, 56209
What are the prime factors of 1468851624?
2, 3, 29, 227, 1033
What are the prime factors of 1507657266?
2, 3, 27919579
What are the prime factors of 14446899?
3, 31, 53, 977
What are the prime factors of 66796436?
2, 7, 2385587
List the prime factors of 33650565.
3, 5, 13, 17, 10151
What are the prime factors of 63239897?
7, 9034271
List the prime factors of 50865694.
2, 11, 409, 5653
What are the prime factors of 26303035?
5, 11, 31, 15427
What are the prime factors of 587795080?
2, 5, 14694877
List the prime factors of 4413747.
3, 13, 113173
What are the prime factors of 1053310964?
2, 263327741
What are the prime factors of 108319531?
163, 664537
List the prime factors of 66951048.
2, 3, 2789627
What are the prime factors of 109712530?
2, 5, 23, 477011
List the prime factors of 143651688.
2, 3, 983, 6089
What are the prime factors of 52556423?
73, 719951
List the prime factors of 346190219.
346190219
List the prime factors of 11017412.
2, 7, 393479
What are the prime factors of 1254174902?
2, 607, 809, 1277
What are the prime factors of 42230516?
2, 17, 71, 8747
What are the prime factors of 4919410855?
5, 59, 139, 119971
List the prime factors of 2533598753.
7, 51706097
What are the prime factors of 791848720?
2, 5, 13, 761393
What are the prime factors of 405022739?
11, 17, 2165897
What are the prime factors of 6828660313?
6828660313
List the prime factors of 182016940.
2, 5, 7, 23, 56527
What are the prime factors of 86856936?
2, 3, 3619039
List the prime factors of 828589170.
2, 3, 5, 71, 5479
List the prime factors of 44074951.
44074951
List the prime factors of 80126942.
2, 7, 29, 151, 1307
What are the prime factors of 50346505?
5, 11, 915391
List the prime factors of 155580762.
2, 3, 137, 189271
List the prime factors of 3998937573.
3, 23, 6439513
List the prime factors of 2383046199.
3, 3041, 87071
List the prime factors of 211865022.
2, 3, 11770279
List the prime factors of 135846604.
2, 33961651
List the prime factors of 39604174.
2, 31, 47, 13591
List the prime factors of 614081235.
3, 5, 19, 29, 191, 389
List the prime factors of 23156179.
23156179
List the prime factors of 43179752.
2, 7, 11, 191, 367
What are the prime factors of 16601849?
11, 103, 14653
List the prime factors of 2421878328.
2, 3, 137, 245527
What are the prime factors of 227887017?
3, 29, 2619391
List the prime factors of 81314494.
2, 89, 101, 4523
What are the prime factors of 305385024?
2, 3, 7, 19, 11959
What are the prime factors of 51997250?
2, 5, 23, 9043
List the prime factors of 25230251.
1327, 19013
List the prime factors of 1903718627.
83, 22936369
List the prime factors of 879357365.
5, 71, 2477063
What are the prime factors of 4010791479?
3, 193, 6927101
List the prime factors of 2049918338.
2, 13, 31, 2543323
List the prime factors of 3759106984.
2, 19, 24730967
List the prime factors of 347151835.
5, 137, 506791
What are the prime factors of 11207193?
3, 3735731
What are the prime factors of 948822248?
2, 11, 1423, 7577
List the prime factors of 383272281.
3, 7, 6083687
What are the prime factors of 1812959969?
29, 62515861
What are the prime factors of 57568266?
2, 3, 7, 152297
List the prime factors of 1140925976.
2, 142615747
What are the prime factors of 6478082986?
2, 23, 109, 1291999
List the prime factors of 376202276.
2, 94050569
What are the prime factors of 16738267?
7, 13, 14149
What are the prime factors of 32513946?
2, 3, 5418991
List the prime factors of 1492002852.
2, 3, 5399, 23029
What are the prime factors of 72285845?
5, 281, 51449
List the prime factors of 767060685.
3, 5, 19, 83, 1201
What are the prime factors of 77704854?
2, 3, 379, 34171
List the prime factors of 38326250.
2, 5, 30661
List the prime factors of 605197361.
605197361
List the prime factors of 23549852.
2, 5887463
What are the prime factors of 85066862?
2, 137, 310463
What are the prime factors of 71151978?
2, 3, 761, 15583
List the prime factors of 3409697163.
3, 719, 1580759
What are the prime factors of 21307923?
3, 7, 13, 26017
What are the prime factors of 625601431?
7, 13, 433, 15877
What are the prime factors of 110963684?
2, 13, 23, 92779
What are the prime factors of 5199270?
2, 3, 5, 173309
What are the prime factors of 45615188?
2, 11403797
List the prime factors of 513639190.
2, 5, 17, 3021407
What are the prime factors of 786840898?
2, 67, 87641
What are the prime factors of 5546188095?
3, 5, 7, 569, 92831
What are the prime factors of 18240687?
3, 675581
List the prime factors of 59103869.
11, 1279, 4201
What are the prime factors of 74746404?
2, 3, 2076289
What are the prime factors of 200656506?
2, 3, 33442751
What are the prime factors of 69873814?
2, 31, 307, 3671
List the prime factors of 147268257.
3, 439, 111821
List the prime factors of 941531202.
2, 3, 439, 1471
What are the prime factors of 155903691?
3, 73, 711889
List the prime factors of 816009932.
2, 61, 3344303
List the prime factors of 208785235.
5, 41757047
List the prime factors of 36857913.
3, 12285971
What are the prime factors of 842177150?
2, 5, 71, 237233
List the prime factors of 2994261901.
17, 809, 217717
What are the prime factors of 280771400?
2, 5, 7, 13, 15427
List the prime factors of 3191596940.
2, 5, 7, 31, 735391
List the prime factors of 274818268.
2, 29, 2369123
List the prime factors of 53188629.
3, 13, 1363811
What are the prime factors of 678377407?
139, 4880413
List the prime factors of 100438793.
7, 13, 1103723
What are the prime factors of 277872115?
5, 67, 829469
List the prime factors of 2990275685.
5, 43, 13908259
What are the prime factors of 2927358207?
3, 325262023
What are the prime factors of 4640261465?
5, 7, 457, 290107
List the prime factors of 1720752279.
3, 107, 5360599
What are the prime factors of